 is the tens digit of n?
1
Suppose 0*j - 11 = 2*s - 5*j, 0 = 3*s - 3*j + 12. Let f be ((1 + -1)/s)/2. Suppose 2*u + f*y + y = 50, 4*u + y = 98. What is the tens digit of u?
2
Let h(r) = -2*r**2 + 7*r + 15. Let v(u) = -u**2 + 1. Let a(p) = h(p) - 3*v(p). Let m be a(-4). Suppose 3*y - 41 - 7 = m. What is the units digit of y?
6
Let y(v) = -v**2 - 13*v - 7. Let b be y(-13). Let x(a) = 4*a**2 + 15*a + 34. What is the tens digit of x(b)?
2
Let p(s) = s**2 - 2*s + 5. Let o(b) = -b**2 - 5*b - 2. Let r be o(-3). Let z be p(r). What is the units digit of z/(-2)*(-1 - 1)?
3
Let t(k) = k**2 + 5*k. Let w be t(-5). Let f(m) = 2*m**2 + 16 + 6 + 22 - m**2 + m. What is the tens digit of f(w)?
4
Suppose -2*b = 4*v - 550, v - 133 = 5*b - b. What is the units digit of v?
7
Let o be (-20)/(-11) - 8/(-44). Suppose -o*k - 4*t + 52 = 3*k, 0 = 5*t - 15. Suppose k*q + 84 = 12*q. What is the units digit of q?
1
Let v be (-1 - 6)*(5 + -7). Suppose m - 77 = -v. What is the tens digit of m?
6
Let n be 2/9 + (-230)/(-18). Suppose -n*l + 332 = -9*l. Suppose h - 86 = -3*m - h, h = 3*m - l. What is the units digit of m?
8
What is the hundreds digit of 67*4*14/((-84)/(-12))?
5
Suppose -27*v + 13762 + 1736 = 0. What is the tens digit of v?
7
Suppose -2*f = d - 718, 0 = d - f + 428 - 1146. What is the hundreds digit of d?
7
Let g(v) = 8*v**3 - v**2 - v. What is the tens digit of g(5)?
7
Let h(d) = 20*d - d**2 - 3 + 15 - 7*d. What is the units digit of h(5)?
2
Let i be 11 - (-1 + (0 - -2)). Let u(a) = i*a**2 - 6*a**2 + a + 12*a**2. What is the tens digit of u(1)?
1
Let v be 3*(-4 - -3) + 34. Let p(f) = -v + 7*f**2 + 31 + f. What is the units digit of p(-1)?
6
Let d(o) = 5*o - 22. Let v be d(12). Let i = v - -20. What is the units digit of i?
8
Let n = -56 + 425. Let g = n + -112. What is the units digit of g?
7
Let p be -1*1/(-4)*0. Suppose p = 5*u - 8*u - 30. What is the tens digit of (u/4 - -3)*22?
1
Suppose -3*r + n = 4075 - 12865, 4*r = 2*n + 11720. What is the thousands digit of r?
2
Suppose 2*y + 3*y = 135. Suppose -3*t - 4*p = -65, t - 4*p + y = 2*t. What is the units digit of t*3/9*3?
9
Let x(y) = -y**3 + 4*y**2 + y + 2. Let d be x(4). Suppose 4*v + 6*g = 2*g - 16, -d = 2*g. Let m(t) = -13*t. What is the tens digit of m(v)?
1
What is the units digit of (-17)/306 + 97867/18?
7
Let i be (13 - 16)/(-2 + (-2)/(-2)). Suppose 0 = -i*j + 216 + 129. What is the tens digit of j?
1
Let v be (2/(-4))/(11/22). Let m be -1 + v - 91/(-13). Suppose -i - m*x + 60 = 0, 0 = -4*i + i - 5*x + 170. What is the tens digit of i?
5
Let y(t) = -32*t - 10 - 2*t + 3*t. What is the units digit of y(-3)?
3
Let j(l) = 49*l - 6. Let u be j(3). Suppose -2*q + u = q. What is the units digit of q?
7
Let p(m) = -9*m - 17. Let l be p(-5). What is the units digit of (-7)/(l/(-180)) + -3?
2
What is the tens digit of (197/4)/(11/(704/4))?
8
Let k = 38 + -47. Let y(d) = -d**3 - 7*d**2 + 6*d - 21. What is the units digit of y(k)?
7
What is the tens digit of 713 - 5*(-28)/(-35)?
0
Suppose 323*x + 686 = 325*x. What is the units digit of x?
3
Let n = 6 + -3. Suppose u + 1 + 7 = -n*s, -4*u + 7 = -s. What is the tens digit of (u - -3 - -12) + 4?
2
Suppose 0 = 4*p - 5*q - 36, 3*q - 1 = -4*p + 3. Suppose 18*y = p*y + 1624. What is the units digit of y?
6
Let h(k) = 48*k - 30. What is the units digit of h(6)?
8
Suppose 10*x - 745 = 9*x + d, -2*d = -3*x + 2232. What is the units digit of x?
2
Let r be (-3 - -23)/((-4)/(-6)). Let k = -50 + r. Let h = 4 - k. What is the tens digit of h?
2
Let s(b) = 72*b + 16. Let c be (-2)/8 + (-299)/(-92). What is the units digit of s(c)?
2
Suppose -2*m + o + 2259 = 146, -2*o = 5*m - 5269. What is the tens digit of m?
5
What is the hundreds digit of (13 + -626)*(5 - 7)?
2
Suppose -2*d = 5*o - 34, 5*o = -3*d + 10 + 36. Suppose 72 = -d*m + 14*m. What is the tens digit of m?
3
Suppose 3*w - 5 = 1, 0 = 4*r - 5*w - 906. Suppose -3*p + 0*p = -2*z - r, -p + 53 = 4*z. What is the tens digit of p?
7
Suppose -b + 15 = b - 5*y, 15 = 5*b - 5*y. Suppose -t + n + 110 = 0, b*n + 212 = 2*t + 2*n. What is the hundreds digit of t?
1
Suppose -4*b + s - 4 = 0, -b + 6*s - 8 = 4*s. Let u = -20 - -20. Suppose b = 3*x + 2*w - 8, -5*x + w - 6 + 41 = u. What is the units digit of x?
6
What is the tens digit of (-4792)/(-14) + (-6)/21?
4
Let q be 76/(-12) + 1/3. Let v = q + 8. Suppose v*k = k + 57. What is the tens digit of k?
5
What is the units digit of ((-10 - -2) + -49)/(1/(-3))?
1
Let o = 594 - 354. What is the units digit of o?
0
Let n(w) = 14*w**2 + 13*w + 22. What is the tens digit of n(-7)?
1
What is the hundreds digit of (-2)/3 - (2 + (-446)/3)?
1
Let m = 2244 + -402. What is the tens digit of m?
4
Suppose -2*o = -4*l + 44, -6*l - 5*o = -2*l - 16. Suppose -7 - l = 2*h. Let s = 2 - h. What is the tens digit of s?
1
Let x(c) = 2*c**2 - 2*c + 1. Let y = -26 - -19. Let m(j) = j**3 + 6*j**2 - 9*j - 9. Let r be m(y). What is the units digit of x(r)?
1
Let g(o) = 3*o**3 + 11*o**2 + 10*o - 3. Let u(y) = -y**3 - y**2 - y. Let a be ((-4)/1)/(7 + -5). Let m(x) = a*u(x) - g(x). What is the units digit of m(-8)?
3
Let d be -4 + 4/(-4) - -2. What is the hundreds digit of ((-7)/(105/(-2980)))/((-2)/d)?
2
Let q be ((-4)/3)/(20/150). Let v = q + 21. Let h = v + 5. What is the units digit of h?
6
Suppose 0 = -a + 4*s + 28, 4*s - 39 = -5*a + 5. Suppose -a*p + 9*p + 15 = 0. What is the units digit of p?
5
Let m = 8 + 0. What is the tens digit of ((-4)/m)/(4/(-296))?
3
Suppose i - 1149 = -s, -17*s = -20*s + 2*i + 3457. What is the hundreds digit of s?
1
Let b be (-18)/(-8) - (-3)/4. Suppose -2*p - 9 + b = 0. What is the units digit of (1/(-1) - p) + 26?
8
Let m be (-4 - -11)/(0 + -1). Let i = 0 - m. Suppose 0 = i*k - 8*k + 3. What is the units digit of k?
3
Let o be (20/(-3) - -4)*-3. Suppose 224 = o*n - 4*n. What is the tens digit of n?
5
Let g = -494 + 654. What is the units digit of g?
0
Suppose 4*j - 803 = -3*a, -a + 5*a - 3*j - 1029 = 0. What is the hundreds digit of a?
2
What is the units digit of 12*(4 - (5432/(-21) - -1))?
0
Let m(g) = g**2 + 8*g + 2. Let i be m(-8). Let d be (-2 + i)/((-2)/1). Suppose d*b - b = -10. What is the units digit of b?
0
Let s(l) = -l**3 - 9*l**2 - 12*l + 8. Let m be s(-7). What is the hundreds digit of 4896/(-54)*m/4?
1
Suppose -j + 25 = 4*n - 2*j, -n - 4*j - 15 = 0. Let h be n/15*3*2. What is the units digit of 30 - (2 - h)/(-3)?
0
Let p(i) = -6*i**3 + 2*i - 5. Let h be p(3). Let a = 236 + h. What is the units digit of a?
5
Let t(v) = -4 + v**2 - 3 + 7 + 1 + 6*v. Suppose -10 = 3*u + 14. What is the tens digit of t(u)?
1
Let r(i) = -1402*i - 1. What is the hundreds digit of r(-3)?
2
Let t(z) = -2*z**3 - 7*z**2 + 14*z - 24. What is the units digit of t(-8)?
0
Suppose -37*q + 41*q = 852. What is the units digit of q?
3
Let v = 315 - -30. Suppose 5*u - 4*q - 18 - v = 0, -u + 3*q + 66 = 0. What is the units digit of u?
5
Let j = -2080 - -3951. What is the units digit of j?
1
Suppose 2*k - 5 = -1. Suppose 4*u = k*x + 24, -x + 3 + 0 = u. Suppose -u*o = 25, -4*o + 0*o = -5*w + 105. What is the units digit of w?
7
Suppose 3*i = 4*w - 419, -w = 2*i - 4 - 87. What is the hundreds digit of w?
1
Let c(s) = s**2 - 6*s + 2. Let m(r) = r**2 - 5*r + 8. Let n be m(5). What is the units digit of c(n)?
8
Let k(i) be the first derivative of -i**3/3 - 5*i**2 - 4*i + 4. Let o be k(-6). Suppose -45 = -5*a + o. What is the tens digit of a?
1
Let x be (81/18)/(2/4). Let l(t) = -t**3 + 10*t**2 + 18*t + 8. What is the hundreds digit of l(x)?
2
Suppose -2974 = -5*a - 1189. What is the units digit of a?
7
Let g = -259 + 1334. What is the thousands digit of g?
1
Let l be ((3 + -2)*-353)/1. Let f = -195 - l. Suppose 0 = -t + 2*t - 5, 3*o - f = -t. What is the tens digit of o?
5
Let p be ((-5)/30 - (-4)/6)*-278. Let q = -35 - p. What is the units digit of q?
4
Suppose l + 3*s = -s - 83, 2*s = 5*l + 481. What is the hundreds digit of -3 - l/35 - 2736/(-21)?
1
Suppose -6*r + 18858 = r. What is the tens digit of r?
9
Suppose -3*f - 5*w + 1645 = 0, -3*f - 4*w = -1665 + 19. What is the tens digit of f?
5
Suppose -5*w + 34 = -3*q, 3*w + 2*q = -3*q. Suppose 0 = -5*p + 5*v - 5, 0 = -7*p + 2*p - 5*v - w. Let n(m) = -32*m - 1. What is the units digit of n(p)?
1
Let d = -28 - -28. Suppose -3*k + 8*k + 4*l - 57 = d, -l - 6 = -